f -j**4/12 + 3*j**2 - 2*j. Calculate g(u).
6
Let a(k) = -2*k + 6. Let t(r) be the second derivative of r**5/20 - 5*r**4/12 + 2*r**3/3 + 5*r**2/2 - r. Let c = 15 + -11. Let w be t(c). What is a(w)?
-4
Suppose 5*c - 4 = w + 16, -5*w - 13 = 4*c. Let g(j) = 2*j + 4. Calculate g(w).
-6
Let k be 10/20*12/2. Let q(w) = -9*w + 2*w**2 - 1 - 15*w - w**k + 22*w. Give q(2).
-5
Let t(n) be the third derivative of n**4/24 - n**3/3 + n**2. Suppose -x + 3*x = 5*h - 25, 2*h = -2*x + 10. Suppose -5*l + 2 - 12 = x. Give t(l).
-4
Let q be 4/3 - (-4)/6. Suppose 3*d - 20 = -2*d + 5*n, q*n = -5*d + 6. Let z(l) = 0 - l + d*l - 8. What is z(5)?
-3
Let a(w) = -2*w + 1. Let k = -27 + 52. Suppose -x + 3 = 0, -4*h + 7 = 3*x - 14. Suppose -h*s - 2*s = -k. What is a(s)?
-9
Let j(x) be the first derivative of x**2/2 + 6*x + 14. Calculate j(5).
11
Suppose 2*k = -k + 9. Let c(r) = -r**3 + 2*r**2 + 3*r + 4. Calculate c(k).
4
Let g(d) = -9*d**3 - d**2. Suppose 37 - 7 = 5*l. Let f(p) = p**3 - 5*p**2 - 5*p - 8. Let v be f(l). Let o be 1 + v + 0 + 0. What is g(o)?
8
Suppose 2*p - a = 6, -p - 2*a + 12 = -1. Let w(q) = 14*q + 23*q - 42*q - 3 + q**2. Calculate w(p).
-3
Let o(j) = -j**2 - j - 1. Let l be 2*(2 + -1 + 0). Suppose 0 = -2*t - l*t. Let r be (t*3/6)/(-1). What is o(r)?
-1
Let k(g) = g**3 - 7*g**2 + 7*g - 2. Let d = 18 - 13. What is k(d)?
-17
Let z(n) = -2*n - 9. Let k be z(-6). Let j(v) = 3*v**2 - 2*v**2 - k + 7*v + 8. Give j(-4).
-7
Let x(m) = 2*m - 2. Let i = -5 + 1. Let l = i - -9. Suppose 0*a - 11 = a + l*k, 2*a - 11 = k. Calculate x(a).
6
Let k(j) = j**3 - 4*j**2 - 5*j - 4. Let d be k(5). Let f(x) = 3*x + 4. Give f(d).
-8
Let c(r) = 2*r - 13. Let i be c(6). Let z(t) = t**2 - 6*t**3 - t**2 - 1. Give z(i).
5
Let v(j) = 5*j - 1. Let c be v(1). Suppose 0 = 4*a - 3*q - 2 - 6, -c*a - 4*q = 20. Let d(x) = 2*x**3 - x**2 + x + 1. Give d(a).
-3
Let l(g) be the first derivative of -g**3/3 - 2*g + 2. Suppose -4*n + 12 = 4*h, -5*h - 2*n - 4 = -13. Suppose -9 = -4*u - h. Determine l(u).
-6
Let o(q) = -1 + 2 + 8*q**2 - 2*q + 0*q + 0*q. What is o(1)?
7
Let q(s) = -7*s**2 + 1. Let l(j) = 9*j**2 - j**3 - j**2 + 0 - 1. Let h be (-3)/3 + (13 - 4). Let x be l(h). Determine q(x).
-6
Suppose p - 12 = -3*r, 4*r + p - 15 = -0*r. Let q(l) = l. Let i(k) = -k. Let y(n) = 3*i(n) + q(n). Determine y(r).
-6
Let t(n) = -2*n**3 - 3*n**2. Let o(k) = k**3 - 4*k**2 + 5. Let d be o(4). Suppose -4*w = 2*i - 4, 3*w - d*w = 5*i + 6. What is t(i)?
4
Let g(n) be the first derivative of -3 + 0*n - 1/24*n**4 + 0*n**3 - 1/10*n**5 + 3/2*n**2. Let b(s) be the second derivative of g(s). What is b(1)?
-7
Suppose 0 = 6*j - 4*j. Let r(b) = -b**2 + 1. Let m = -4 + 8. Let s(z) = -5*z**2 - z - 1. Let h(w) = m*r(w) - s(w). Calculate h(j).
5
Let p(n) = -n**2 - 5*n - 4*n**2 + 2*n**2 + n**3 - n**2. What is p(5)?
0
Let x = 3 + 4. Let i(v) = 7*v - 2*v - v**2 + x + 0*v**2. Give i(6).
1
Suppose -4*c = -5*v + 42, 2*v - 10 = 3*c + 18. Let j be (-58)/c - 1/4. Let a = j + -5. Let q(l) = -2*l**2 + 2. Calculate q(a).
-6
Let i(k) be the third derivative of k**7/2520 - 7*k**6/720 + k**5/10 + 3*k**2. Let x(c) be the third derivative of i(c). Give x(5).
3
Let t(s) = 3*s - 9. Let n be t(4). Let u(i) be the third derivative of 0*i - 1/60*i**5 + 0*i**n + 0*i**4 + i**2 + 0. What is u(-3)?
-9
Suppose 8 + 12 = 5*d. Let c(i) = -4*i + 2. Calculate c(d).
-14
Let f(d) = -1 + 13 - 3*d + 1 - 5 - d**2. What is f(-6)?
-10
Let m(l) be the second derivative of -l**3/6 + l**2 + l. Let d(o) = 3*o**2 - 2*o - 6. Let y be d(2). Calculate m(y).
0
Let x(o) = -o. Let u be 4/(-2) + (-44)/(-2). Let m = u + -12. Suppose -3*c = -c - m. Give x(c).
-4
Let h(l) = l**3 + 7*l**2 + 6*l - 2. Let z = -25 - -19. Give h(z).
-2
Let a(g) = -3*g**2 + 3. Let d(x) = -x**3 - 1. Let f(i) = -a(i) - d(i). What is f(-3)?
-2
Let s = 7 + -11. Let w be 8/s*(-6)/(-4). Let f(h) = h**3 + h**2 - 2*h + 2. Give f(w).
-10
Let t(p) = -6 + p**3 - p - 39*p**2 - 4*p + 15*p**2 + 19*p**2. Determine t(6).
0
Let n = 2 - -3. Let g(h) = -h. Calculate g(n).
-5
Let i(j) = -j**3 - 3*j**2 + 2*j - 1. Let v be i(-4). Suppose -5 = 4*g + v. Let c(n) = 2*n - 3. Calculate c(g).
-9
Let o(v) = -3*v**3 - 5*v**2 + v + 5. Let t(q) = q**3 + q - 1. Let m(k) = o(k) + 4*t(k). Suppose 0*h - 208 = 2*h. Let j be 2/(-6) - h/24. Calculate m(j).
5
Let c(f) be the third derivative of -f**4/12 - f**3/6 - f**2. Let g(k) = -k**3 + 3*k**2 - 3*k + 2. Let t be g(2). Suppose t*n = -5*n + 5. Calculate c(n).
-3
Let z(h) be the first derivative of h**4/4 - 5*h**3/3 + 2*h + 3. Suppose 3*u + 3*n + 8 = 2, 5*n + 28 = 4*u. Determine z(u).
-10
Let n(w) = w**3 + w**2 - w - 1. Let v(l) = -4*l**3 + 2*l**2 - 3*l - 3. Let f(b) = -3*n(b) + v(b). Give f(1).
-8
Let t(k) = -k**3 - 4*k**2 + 3. Suppose -3*u = -3, -2*w - u + 11 = -0*u. Suppose -p + w = 3. Let o be p*((-4 - -2) + 0). What is t(o)?
3
Let y(w) be the third derivative of 4*w**5/15 - w**3/6 - 5*w**2. Give y(-1).
15
Let z = -5 + 7. Let s = -9 + 10. Let f(q) = 8 + q - s - q**z + 2*q. Give f(5).
-3
Suppose -1 - 3 = -2*f - w, 0 = 4*f - w - 14. Let v = f + 2. Let i(y) = -y**3 + 6*y**2 - 7*y - 1. What is i(v)?
-11
Suppose 5*m + 62 = 3*u, -m + 3*m = -2*u - 12. Let r = m - -5. Let j(v) be the first derivative of -v**3/3 - 7*v**2/2 - 2*v + 1. Calculate j(r).
8
Let s(t) = 4*t + 1. Let o be -2 - -7 - (1 + 1). Let r(a) = 5*a + 2. Let y(j) = o*r(j) - 4*s(j). What is y(7)?
-5
Let u(g) = -3*g + 4. Let c(f) = f - 2. Let s(i) = -9*c(i) - 4*u(i). Let l = 14 + -9. Suppose 0 = l*z - 0*a - 2*a - 8, -5*a + 13 = 4*z. What is s(z)?
8
Let l(k) = 3*k - 3 + 3 - 1. Calculate l(-1).
-4
Let t(n) = 3*n**3 - 5*n**2 + 5*n - 11. Let o(s) = 4*s**3 - 6*s**2 + 6*s - 12. Let d(i) = 4*o(i) - 5*t(i). What is d(0)?
7
Suppose -2*g - 5*s = 19, 0 = -2*g + g + 4*s + 23. Suppose 13 = 5*q - 2. Let w(j) = 2*j + 6 - q - 2*j**2 + j. Give w(g).
-6
Let o(s) be the third derivative of -s**5/60 - 5*s**4/24 + s**3 + 5*s**2. Suppose 3*t = -3*u - 24, -4*u - 3 = -3*u. Calculate o(t).
6
Suppose -k + 2 + 2 = 0. Let b(w) = -1 + w + k - 2*w. Calculate b(4).
-1
Let j(n) = n**3 + n**2 + 2*n + 1. Let p be j(-1). Let h = p - 8. Let a(s) = 5*s - 13. Let t(f) = f - 3. Let o(z) = h*t(z) + 2*a(z). Calculate o(6).
7
Suppose -r = -0 - 5. Suppose 13 - 1 = 4*i. Let v(z) = -2*z**2 + z**3 + 3*z + 0*z**i - 4*z**2 + 2*z. What is v(r)?
0
Let i(l) = -l**2. Let p be 0*(-1)/2 - -5. Suppose -4*f + p*f = 0. What is i(f)?
0
Let p(q) = -q - 1. Let l be p(-6). Let i(j) = 0*j**3 + 2 - 4*j**2 + 0 - 1 - j**3 + l*j. Determine i(-5).
1
Let u(w) = 2*w**2 - 10*w - 4. Let b be u(5). Let p(m) = 3*m - 3. Determine p(b).
-15
Let i(h) = -1. Let l(q) = -3*q - 1. Let o(d) = -5*i(d) - l(d). Calculate o(-6).
-12
Let o(p) = p + p**3 + 13 - p - 2*p**2 - 15. Let r = -11 + 16. Suppose -3*n + 12 = 6*c - 4*c, 3*c = -r*n + 19. Determine o(c).
7
Let t(z) = z**3 - 5*z**2 + 5*z. Let x be t(4). Suppose 0 = -2*k + x*f, -5*f - 1 = -4*k + 2. Let g(w) = -w**2 - w + 2*w**2 + w**3 - 7*w**k + 8. What is g(6)?
2
Let n be 1*-2 + 2 + -6. Let h be 2*(3/n + 2). Let x(b) = b + 4. What is x(h)?
7
Let n(h) be the third derivative of 5/6*h**3 - 1/12*h**5 - 2*h**2 - 1/24*h**4 + 0 + 1/120*h**6 + 0*h. Determine n(5).
0
Let v(k) = -17*k - 13. Let t(i) = -50*i - 37. Let b(c) = 6*t(c) - 17*v(c). Calculate b(-2).
21
Let o be 0 + -3 - (-6 + 0). Let s(b) = b**3 - 3*b**2 - b. What is s(o)?
-3
Let l(j) = -2*j - 6. Suppose -2*w + f = -2*f - 19, 4*f = 3*w - 26. Let c(n) = n + 2. Let h(v) = w*l(v) + 7*c(v). What is h(-3)?
-7
Let q be (-10)/(-4) - (-1)/2. Let m(f) be the second derivative of 1/6*f**4 + 0 + 5*f - 1/3*f**3 - 3/2*f**2. Determine m(q).
9
Let q(i) = -i + 2. Let w = 10 - 6. Suppose -5*b - 9 = 2*l - w, 4*b + 1 = -l. Give q(b).
1
Let v(y) = -3*y - 3. Let j(s) = 5*s + 7. Let g(k) = -4*j(k) - 9*v(k). Let l(u) = u - 1. Let z be l(2). Give g(z).
6
Let j = -22 + 22. Suppose j = d + 2. Let c(x) = x**3 + 4*x**2 + 2*x - 1. Give c(d).
3
Let n(h) = -2*h - 4 + 2 + 3 + 3*h. Let k(l) = 3*l - 14. Let m be k(6). Determine n(m).
5
Let s(x) be the first derivative of -x**4/4 - x**3 - 3*x**2/2 + 2*x + 17. Determine s(-3).
11
Let w(f) = 6*f - 1. Let r(u) = -6*u + 1. Let j(v) = 6*r(v) + 5*w(v). Give j(-1).
7
Let y(u) = u**2 + u - 2. Let q be y(0). Let w(s) = -37*s - 3*s**2 + 0*s**2 + 35*s + 1. Calculate w(q).
-7
Let i(o) be the second derivative 